st common factor of 22 and 16918.
22
Calculate the highest common factor of 17250 and 69.
69
Calculate the highest common divisor of 135 and 990.
45
What is the highest common factor of 26 and 793?
13
Calculate the highest common factor of 13400 and 24.
8
Calculate the highest common divisor of 14473 and 41.
41
What is the greatest common factor of 49802 and 148?
74
What is the highest common divisor of 14 and 735?
7
What is the greatest common factor of 2 and 32?
2
What is the greatest common factor of 49 and 21?
7
What is the greatest common factor of 3542 and 231?
77
Calculate the highest common factor of 207 and 801.
9
Calculate the greatest common divisor of 36586 and 66.
22
What is the greatest common divisor of 31 and 155?
31
What is the greatest common factor of 224 and 21?
7
Calculate the greatest common factor of 8 and 568.
8
Calculate the greatest common factor of 75 and 125.
25
What is the highest common factor of 64 and 13376?
64
Calculate the greatest common divisor of 52 and 1404.
52
Calculate the highest common divisor of 418 and 88.
22
Calculate the highest common divisor of 67 and 19564.
67
Calculate the highest common divisor of 36 and 276.
12
What is the highest common factor of 119 and 1751?
17
Calculate the greatest common divisor of 2464 and 77.
77
What is the highest common factor of 119 and 272?
17
What is the greatest common factor of 609 and 84?
21
Calculate the highest common factor of 3840 and 60.
60
What is the highest common factor of 22 and 14729?
11
What is the greatest common factor of 92 and 1150?
46
What is the highest common divisor of 13496 and 7?
7
What is the greatest common divisor of 1573 and 52?
13
Calculate the highest common divisor of 392 and 308.
28
Calculate the highest common divisor of 8640 and 3200.
320
What is the highest common factor of 12 and 140?
4
What is the greatest common factor of 1220 and 90?
10
What is the highest common divisor of 80 and 220?
20
Calculate the highest common factor of 2 and 50.
2
What is the greatest common divisor of 34 and 1037?
17
Calculate the highest common divisor of 510 and 102.
102
Calculate the greatest common factor of 260 and 156.
52
Calculate the highest common divisor of 366 and 12.
6
What is the highest common factor of 34 and 2431?
17
Calculate the highest common factor of 23 and 23.
23
Calculate the highest common divisor of 176 and 440.
88
What is the highest common divisor of 17 and 901?
17
What is the highest common factor of 3 and 8?
1
Calculate the greatest common factor of 1075 and 25.
25
What is the greatest common factor of 23 and 35719?
23
Calculate the highest common factor of 6562 and 51.
17
What is the highest common divisor of 208 and 247?
13
What is the greatest common factor of 116 and 4?
4
What is the highest common divisor of 45 and 65?
5
Calculate the greatest common factor of 8 and 564.
4
What is the greatest common divisor of 72 and 8?
8
What is the greatest common divisor of 96 and 352?
32
What is the greatest common divisor of 2461 and 23?
23
What is the highest common factor of 1661 and 11?
11
Calculate the greatest common factor of 1 and 1031.
1
Calculate the greatest common factor of 2884 and 14.
14
Calculate the greatest common factor of 38 and 209.
19
What is the highest common factor of 195 and 624?
39
Calculate the greatest common factor of 13476 and 12.
12
What is the highest common factor of 5657 and 1?
1
Calculate the greatest common divisor of 671 and 77.
11
Calculate the highest common factor of 3350 and 67.
67
Calculate the greatest common factor of 4432 and 80.
16
What is the highest common factor of 970 and 50?
10
What is the greatest common factor of 40 and 1120?
40
Calculate the highest common factor of 75 and 3525.
75
What is the highest common factor of 77 and 451?
11
Calculate the highest common divisor of 2889 and 108.
27
What is the greatest common divisor of 138 and 402?
6
What is the highest common divisor of 141 and 1128?
141
What is the greatest common divisor of 170 and 595?
85
Calculate the greatest common divisor of 442 and 26.
26
What is the greatest common divisor of 3108 and 140?
28
What is the highest common factor of 532 and 228?
76
What is the greatest common divisor of 17 and 544?
17
Calculate the highest common factor of 680 and 450.
10
What is the highest common factor of 429 and 594?
33
Calculate the greatest common divisor of 3138 and 6.
6
What is the greatest common divisor of 156 and 7800?
156
Calculate the greatest common factor of 35 and 595.
35
Calculate the highest common divisor of 128 and 116.
4
Calculate the highest common divisor of 7828 and 2060.
412
What is the greatest common divisor of 12 and 28?
4
What is the greatest common factor of 44 and 7304?
44
Calculate the highest common divisor of 244 and 11468.
244
What is the greatest common factor of 2388 and 96?
12
What is the highest common divisor of 1159 and 418?
19
What is the greatest common divisor of 56 and 1526?
14
What is the highest common factor of 4908 and 36?
12
Calculate the greatest common divisor of 186 and 42.
6
Calculate the greatest common divisor of 22 and 99.
11
What is the highest common factor of 17 and 1751?
17
Calculate the greatest common factor of 1239 and 21.
21
Calculate the highest common factor of 1302 and 279.
93
What is the greatest common factor of 45 and 1152?
9
Calculate the greatest common factor of 126 and 84.
42
Calculate the greatest common factor of 351 and 2886.
39
Calculate the greatest common divisor of 132 and 36.
12
Calculate the greatest common factor of 994 and 21.
7
What is the greatest common divisor of 253 and 207?
23
Calculate the highest common factor of 27 and 9873.
9
Calculate the highest common divisor of 43 and 387.
43
What is the greatest common divisor of 6688 and 44?
44
Calculate the greatest common factor of 5 and 380.
5
What is the greatest common divisor of 897 and 276?
69
Calculate the highest common factor of 175 and 50.
25
Calculate the greatest common divisor of 3 and 6.
3
Calculate the greatest common factor of 160 and 440.
40
What is the greatest common factor of 24 and 1398?
6
What is the greatest common factor of 8 and 420?
4
What is the highest common divisor of 1 and 5?
1
What is the greatest common factor of 84 and 9366?
42
What is the greatest common factor of 8 and 312?
8
What is the highest common factor of 1100 and 4300?
100
Calculate the highest common divisor of 57 and 589.
19
Calculate the highest common divisor of 90 and 4950.
90
Calculate the greatest common divisor of 60 and 4710.
30
What is the highest common factor of 108 and 768?
12
What is the highest common divisor of 275 and 50?
25
Calculate the greatest common divisor of 8 and 5528.
8
Calculate the highest common factor of 324 and 81.
81
Calculate the highest common factor of 12190 and 138.
46
What is the greatest common factor of 161 and 28?
7
What is the greatest common factor of 816 and 170?
34
What is the greatest common divisor of 216 and 16?
8
What is the highest common factor of 85694 and 14?
14
Calculate the highest common divisor of 12 and 2724.
12
What is the highest common divisor of 128 and 368?
16
Calculate the greatest common factor of 552 and 24.
24
Calculate the greatest common divisor of 238 and 98.
14
What is the greatest common divisor of 123 and 164?
41
Calculate the greatest common factor of 79 and 2923.
79
What is the highest common factor of 1351 and 28?
7
What is the greatest common divisor of 448 and 144?
16
Calculate the greatest common factor of 1172 and 8.
4
Calculate the highest common divisor of 3 and 192.
3
Calculate the greatest common divisor of 12 and 6.
6
What is the highest common divisor of 150 and 90?
30
Calculate the greatest common factor of 145 and 25.
5
What is the highest common divisor of 5805 and 2365?
215
What is the greatest common divisor of 532 and 126?
14
What is the highest common divisor of 856 and 8?
8
What is the highest common factor of 1656 and 23?
23
What is the greatest common divisor of 140 and 2240?
140
Calculate the highest common factor of 414 and 782.
46
Calculate the greatest common factor of 4 and 8.
4
Calculate the greatest common divisor of 167 and 29559.
167
Calculate the greatest common divisor of 2784 and 576.
96
W